{"id":747,"date":"2020-06-16T06:56:33","date_gmt":"2020-06-16T06:56:33","guid":{"rendered":"https:\/\/zakra-agency.sites.qsandbox.com\/?page_id=28"},"modified":"2021-07-22T10:59:10","modified_gmt":"2021-07-22T10:59:10","slug":"otanmaenapteekki","status":"publish","type":"page","link":"https:\/\/www.otanmaenapteekki.net\/blog\/otanmaenapteekki\/","title":{"rendered":"Otanm\u00e4en apteekki"},"content":{"rendered":"\t\t<div data-elementor-type=\"wp-page\" data-elementor-id=\"747\" class=\"elementor elementor-747\">\n\t\t\t\t\t\t\t\t\t<section class=\"elementor-section elementor-top-section elementor-element elementor-element-15beacb elementor-section-boxed elementor-section-height-default elementor-section-height-default\" data-id=\"15beacb\" data-element_type=\"section\">\n\t\t\t\t\t\t<div class=\"elementor-container elementor-column-gap-default\">\n\t\t\t\t\t<div class=\"elementor-column elementor-col-100 elementor-top-column elementor-element elementor-element-3718fc1\" data-id=\"3718fc1\" data-element_type=\"column\">\n\t\t\t<div class=\"elementor-widget-wrap elementor-element-populated\">\n\t\t\t\t\t\t\t\t<section class=\"elementor-section elementor-inner-section elementor-element elementor-element-c4c8c85 elementor-section-boxed elementor-section-height-default elementor-section-height-default\" data-id=\"c4c8c85\" data-element_type=\"section\">\n\t\t\t\t\t\t<div class=\"elementor-container elementor-column-gap-default\">\n\t\t\t\t\t<div class=\"elementor-column elementor-col-50 elementor-inner-column elementor-element elementor-element-82e2d22\" data-id=\"82e2d22\" data-element_type=\"column\">\n\t\t\t<div class=\"elementor-widget-wrap elementor-element-populated\">\n\t\t\t\t\t\t\t\t<div class=\"elementor-element elementor-element-1eaa69a elementor-widget elementor-widget-text-editor\" data-id=\"1eaa69a\" data-element_type=\"widget\" data-widget_type=\"text-editor.default\">\n\t\t\t\t<div class=\"elementor-widget-container\">\n\t\t\t\t\t\t\t<p>Otanm\u00e4en apteekki palvelee SEO huoltoaseman yhteydess\u00e4 Otanm\u00e4en risteyksess\u00e4 Valtatie 28:n varrella.<\/p><p>Vuorimiehentie 2<\/p><p>88200 Otanm\u00e4ki<\/p><p>p. 044 500 6160<\/p><p>otanmaen.apteekki@apteekit.net<\/p><h4>\u00a0<\/h4><h4>Palvelemme maanantaista perjantaihin klo 9-17. Tervetuloa!<\/h4><p>Apteekki on suljettu viikonloppuisin ja juhlapyhin\u00e4.<\/p>\t\t\t\t\t\t<\/div>\n\t\t\t\t<\/div>\n\t\t\t\t\t<\/div>\n\t\t<\/div>\n\t\t\t\t<div class=\"elementor-column elementor-col-50 elementor-inner-column elementor-element elementor-element-865c65d\" data-id=\"865c65d\" data-element_type=\"column\">\n\t\t\t<div class=\"elementor-widget-wrap elementor-element-populated\">\n\t\t\t\t\t\t\t\t<div class=\"elementor-element elementor-element-6c98809 elementor-widget elementor-widget-google_maps\" data-id=\"6c98809\" data-element_type=\"widget\" data-widget_type=\"google_maps.default\">\n\t\t\t\t<div class=\"elementor-widget-container\">\n\t\t\t\t\t<div class=\"elementor-custom-embed\">\n\t\t\t<iframe loading=\"lazy\"\n\t\t\t\t\tsrc=\"https:\/\/maps.google.com\/maps?q=vuorimiehentie%202%2088200%20otanm%C3%A4ki&#038;t=m&#038;z=8&#038;output=embed&#038;iwloc=near\"\n\t\t\t\t\ttitle=\"vuorimiehentie 2 88200 otanm\u00e4ki\"\n\t\t\t\t\taria-label=\"vuorimiehentie 2 88200 otanm\u00e4ki\"\n\t\t\t><\/iframe>\n\t\t<\/div>\n\t\t\t\t<\/div>\n\t\t\t\t<\/div>\n\t\t\t\t\t<\/div>\n\t\t<\/div>\n\t\t\t\t\t\t\t<\/div>\n\t\t<\/section>\n\t\t\t\t\t<\/div>\n\t\t<\/div>\n\t\t\t\t\t\t\t<\/div>\n\t\t<\/section>\n\t\t\t\t<section class=\"elementor-section elementor-top-section elementor-element elementor-element-abb45e2 elementor-section-boxed elementor-section-height-default elementor-section-height-default\" data-id=\"abb45e2\" data-element_type=\"section\">\n\t\t\t\t\t\t<div class=\"elementor-container elementor-column-gap-default\">\n\t\t\t\t\t<div class=\"elementor-column elementor-col-100 elementor-top-column elementor-element elementor-element-afe3654\" data-id=\"afe3654\" data-element_type=\"column\">\n\t\t\t<div class=\"elementor-widget-wrap elementor-element-populated\">\n\t\t\t\t\t\t\t\t<div class=\"elementor-element elementor-element-3179c59 elementor-widget elementor-widget-text-editor\" data-id=\"3179c59\" data-element_type=\"widget\" data-widget_type=\"text-editor.default\">\n\t\t\t\t<div class=\"elementor-widget-container\">\n\t\t\t\t\t\t\t\t\t\t\t\t\t<\/div>\n\t\t\t\t<\/div>\n\t\t\t\t\t<\/div>\n\t\t<\/div>\n\t\t\t\t\t\t\t<\/div>\n\t\t<\/section>\n\t\t\t\t\t\t\t<\/div>\n\t\t","protected":false},"excerpt":{"rendered":"<p>Otanm\u00e4en apteekki palvelee SEO huoltoaseman yhteydess\u00e4 Otanm\u00e4en risteyksess\u00e4 Valtatie 28:n varrella. Vuorimiehentie 2 88200 Otanm\u00e4ki p. 044 500 6160 otanmaen.apteekki@apteekit.net \u00a0 Palvelemme maanantaista perjantaihin klo 9-17. Tervetuloa! Apteekki on suljettu viikonloppuisin ja juhlapyhin\u00e4.<\/p>\n","protected":false},"author":1,"featured_media":0,"parent":0,"menu_order":0,"comment_status":"closed","ping_status":"closed","template":"","meta":{"_themeisle_gutenberg_block_has_review":false,"footnotes":""},"_links":{"self":[{"href":"https:\/\/www.otanmaenapteekki.net\/blog\/wp-json\/wp\/v2\/pages\/747"}],"collection":[{"href":"https:\/\/www.otanmaenapteekki.net\/blog\/wp-json\/wp\/v2\/pages"}],"about":[{"href":"https:\/\/www.otanmaenapteekki.net\/blog\/wp-json\/wp\/v2\/types\/page"}],"author":[{"embeddable":true,"href":"https:\/\/www.otanmaenapteekki.net\/blog\/wp-json\/wp\/v2\/users\/1"}],"replies":[{"embeddable":true,"href":"https:\/\/www.otanmaenapteekki.net\/blog\/wp-json\/wp\/v2\/comments?post=747"}],"version-history":[{"count":32,"href":"https:\/\/www.otanmaenapteekki.net\/blog\/wp-json\/wp\/v2\/pages\/747\/revisions"}],"predecessor-version":[{"id":1310,"href":"https:\/\/www.otanmaenapteekki.net\/blog\/wp-json\/wp\/v2\/pages\/747\/revisions\/1310"}],"wp:attachment":[{"href":"https:\/\/www.otanmaenapteekki.net\/blog\/wp-json\/wp\/v2\/media?parent=747"}],"curies":[{"name":"wp","href":"https:\/\/api.w.org\/{rel}","templated":true}]}}